n - 3 = 0. What is q(c)?
4
Let v(a) = -a + 3. Let t(l) = -4*l + 22. Let o(w) = -7*w + 43. Let q(b) = -3*o(b) + 5*t(b). Let m be q(15). What is v(m)?
7
Suppose -3*p + 25 = 2*p, -y + p = 4. Let s(d) = 5*d**3 + d**2 - d + 1. Calculate s(y).
6
Let q be (6 - 2)/((-2)/(-4)). Suppose -q = -2*b - z, -2*b = z - 6*z - 20. Let w(c) be the first derivative of c**2 + 2*c - 1. Give w(b).
12
Let m(s) = s**3 - s - 48. Let h be 100/400*(2 + -2). What is m(h)?
-48
Suppose w + 68 = -5*t, -5*t = -4*w - 37 - 210. Let b be (-2)/7 - 18/w. Let o(z) = -5 + z**2 + 3 + z**3 - 2*z**3. Give o(b).
-2
Let g(i) = -3*i**2 + 10*i - 11. Suppose 2*m = 5*w + 9 - 38, 0 = 2*w - 10. Let t(f) = 4*f**2 - 11*f + 12. Let r(h) = m*t(h) - 3*g(h). Give r(6).
-3
Let v(l) = -l + 2. Let o(s) = -4*s - 8. Let p be o(-9). Suppose 3*c + 4*w + w - 31 = 0, 4*c + 4*w - p = 0. Determine v(c).
0
Let n(v) = -v**3 - 6*v**2 - v - 7. Suppose -6 - 12 = -3*x. Suppose 0 = -k - 12 + x. Give n(k).
-1
Let l(o) = 10*o**2 - 14*o + 1. Let g(n) be the first derivative of 7*n**3/3 - 9*n**2/2 + n + 1. Let u(j) = -7*g(j) + 5*l(j). Calculate u(6).
-8
Let p = 73 + -65. Let j(i) = i**2 - 8*i - 3. Determine j(p).
-3
Let p be (-5 + 2)*3/(-9). Let i(f) be the second derivative of 0*f**3 - 10*f + 0 + 0*f**2 + 7/12*f**4. What is i(p)?
7
Let u(y) = 2*y - 22. Let b be u(8). Let q(d) be the first derivative of d**3/3 + 3*d**2 - 3*d + 46. Give q(b).
-3
Let s(j) = j + 1. Let i(z) = -6*z - 9*z + 5*z - 4. Let m(y) = -i(y) - 3*s(y). Determine m(-2).
-13
Let r(i) = -i**3 + 19*i**2 - 18*i - 2. Let n = -47 + 65. Calculate r(n).
-2
Let n be (27/12)/((-24)/128). Let x = n + 16. Let r(p) = -p + p + 9 + x*p - 2*p. Calculate r(-7).
-5
Let d(a) = -5*a + 9. Let b(t) = -24*t + 44. Let l(r) = -3*b(r) + 14*d(r). Suppose -20 = 4*q, 3*p = -q + 6 + 10. What is l(p)?
8
Let j(f) = f**3 + 3*f**2 - 2*f + 4. Let s be j(-3). Let y(z) = -13*z**2 - 5*z + 2 + 2*z**2 + 4 + s*z**2. Let b(h) = 4*h - 1. Let t be b(-1). What is y(t)?
6
Let j be 22/8 - 42/56. Suppose -j = z - 3*z - 5*s, 0 = -5*s - 10. Let l(d) = -z*d**3 + 4*d - 2*d - 2 + 4 - 1. Calculate l(-1).
5
Let t(n) be the second derivative of -n**5/20 + 2*n**4/3 - 4*n**3/3 - 3*n**2/2 - 6*n + 3. What is t(6)?
21
Suppose -q = 5*y - 2*y - 45, -5*q + 4*y + 187 = 0. Suppose 3*d + 0*d = q. Let r = 15 - d. Let g(n) = -n**3 + 3*n**2 - 3*n + 2. What is g(r)?
0
Let v(s) be the second derivative of -2*s + 1/6*s**3 + 0 + s**2 - 1/12*s**4. Let z = 6 - 4. Determine v(z).
0
Let l(w) be the first derivative of 7*w**4/12 + w**3/3 - w**2/2 + 8*w + 3. Let d(p) be the first derivative of l(p). Let g = 18 + -17. Determine d(g).
8
Suppose 8*l + 6730 = 6738. Let g(s) = -40*s + 2. What is g(l)?
-38
Let z(g) = 2*g**2 - 3*g - 32. Let q be z(6). Suppose 18*k - q*k - 12 = 0. Let m(y) = -2*y + 0*y - 2*y + 3 + 3*y. Give m(k).
6
Suppose 5*u = 3*l + 4, -3*l = -0*l + 5*u - 16. Let j(n) = -6*n**l + 6*n - 7 + 2*n**2 + 3*n**2 + 2*n**2. What is j(-7)?
0
Let j = 8 + -5. Suppose 0 = -j*h + 3*l, 2*l = -0*l - 10. Let r(o) = o**2 + 2 + 3 + 5*o - 1 - 5. What is r(h)?
-1
Let i(n) = n**3 + 7*n**2 + 3. Let c = 821 + -828. Give i(c).
3
Let o(y) = -2*y + 1. Let f(q) = 12*q - 3. Let h(z) = 2*f(z) + 11*o(z). Give h(-5).
-5
Let s(v) be the first derivative of v**4/4 + v**3/3 + v**2/2 + v + 2. Let w be s(0). Let z(u) = -25 - 31 - 20 - 28 + 103 + 11*u. Determine z(w).
10
Suppose 12*g - 16 + 4 = 0. Let p(o) = 8*o**2 + o**3 - 10*o**2 + o**2 - 1 + 2*o. Determine p(g).
1
Let c(m) = -3*m + m**3 + 2 - 15*m**2 + 24*m**2 - 5*m**2. Let g be 5*(-3)/6*2. Determine c(g).
-8
Let s(a) be the first derivative of -a**2/2 - 3*a + 29. Let u be 5 - 4 - 0/2. Let p be 6/(-2 + 1) + u. Give s(p).
2
Let y(h) = 52*h**2 + 574*h + 16. Let b be y(-11). Let g(l) = -4 + 0*l - 8*l - 3*l**2 + 2*l**2. Calculate g(b).
8
Suppose -5*d = p - 20, -3*d - 4 + 16 = -2*p. Let s(f) = -2 + 0 + 4*f - f**2 - 3. Calculate s(d).
-5
Let d(r) = -62 - 63*r**2 - r**3 - 63*r**2 + 125*r**2. Determine d(0).
-62
Let z(o) be the third derivative of -o**6/120 - o**5/60 + o**4/24 - 3*o**3/2 + 399*o**2. Give z(0).
-9
Let m(o) = -o + 3. Let b be 1/((-30)/24 - (-1)/4). Let q(l) = 7*l**3 - l**2 - 2*l. Let n be q(b). What is m(n)?
9
Let f(v) = 10*v**2 + v + 52 - v**3 - 2*v - 44 + 0*v. What is f(10)?
-2
Let m(s) = -2*s**2 + s + 3. Let p = 1 - 6. Let a be 3*(4 + p) - -4. Let i = 4 - a. Determine m(i).
-12
Let x(s) = 5*s**3 + 55*s**2 + 56*s - 34. Let k(a) = a**3 + 11*a**2 + 11*a - 7. Let q(z) = -11*k(z) + 2*x(z). Let l be q(-10). Let f(i) = -10*i. Give f(l).
10
Let o be 21/(-2) - 9/6. Let q = 12 + o. Suppose q = -2*f + 4*f + 12. Let a(w) = -w - 8. Determine a(f).
-2
Let v(m) = m - 7. Suppose 0 = -2*a + 2*u + 16, 5*a - 6*u = -2*u + 41. Let t be v(a). Let g(x) = 2*x - 1 - t + x**2 + 0*x + 0. What is g(-3)?
0
Let u(r) = -3*r**2 - 4*r - 3. Let h be 0 + (-9 - -17) + -11. Calculate u(h).
-18
Let l = 1 - -2. Let g(w) be the third derivative of -w**4/24 + 40*w**2 + 2. Calculate g(l).
-3
Let i(x) = -4*x**3 + 21*x**2 - 9*x + 5. Let u(z) = 2*z**3 - 8*z**2 + 4*z - 2. Let f(v) = -2*i(v) - 5*u(v). Determine f(-2).
12
Let s(v) = v**3 + v - 1. Let z(q) = -3*q**3 - 6*q**2 + 5. Let p(i) = 4*s(i) + z(i). Determine p(5).
-4
Let g be (5 + 1)*2/6. Let a(u) = 3*u**2 - 7*u**g - u**2. Calculate a(1).
-5
Suppose 0 = -2*v - 0*v + 8. Let y(t) = t**3 - 5*t**2 + 4*t - 1. Give y(v).
-1
Let t(d) = 9*d + 5. Let p(v) = -5*v - 4. Let n(c) = -5*p(c) - 3*t(c). What is n(3)?
-1
Let q(u) = -5*u + 3. Let j(g) = 10*g - 8. Let h(z) = 4*j(z) + 9*q(z). Give h(-5).
20
Let f(d) = -9*d**2 - 1. Suppose -419*n = -416*n + 3. Determine f(n).
-10
Let m(y) be the second derivative of -7*y**3/6 + y**2 + y. Let g(a) = -2*a**3 + 14*a**2 - 49*a + 224. Let s be g(6). Give m(s).
-12
Let a(h) = -h - 4. Let g = 10 - -4. Suppose -g = -3*o - 2. Suppose 8 = 3*i - 7, 5*c = -o*i. Determine a(c).
0
Let k(h) = 0*h - 3*h + 4 - h**2 + 7*h - 4*h. Determine k(0).
4
Let l be 1/(2 + 3/(-2)). Suppose 0 = l*v - 0*v + 10. Let f(c) = -c**3 + 4*c + 1383*c**2 + 1386*c**2 - 4 - 2773*c**2 - 3. Determine f(v).
-2
Let b(s) = -s**2 - s + 7. Suppose 0 = -2*q - 0*q. Determine b(q).
7
Let o(u) = 7*u**3 + 10*u**2 - 6*u - 5. Let v(b) = b**3 + b**2 - b. Let w(t) = -o(t) + 6*v(t). Let d be (6 + -7)/(85/20 + (-4)/1). What is w(d)?
5
Let i(d) = d - 2*d - 9*d**2 - 13 - 191*d**3 + 387*d**3 - 195*d**3. What is i(9)?
-22
Suppose -d + 8 = 2*c, -2 = 2*d - 5*c + 9. Suppose -d*r + 4*r = 8. Suppose -2*j = -r*n + 14, 0*n + 1 = n + 2*j. Let h(q) = q**2 - q. Determine h(n).
6
Let j(v) = 2 + 9*v + 13*v - 23*v + v**3 - 3*v**2. Let p(h) = -h**2 - 1. Let f(r) = j(r) + p(r). Let q be 4/2*1 + 2. Determine f(q).
-3
Let j(q) = q**2 + 7*q + 5. Let w be j(-5). Let s(t) = -t**2 + 4*t - 1. Let y be s(3). Let f(u) = -2 - 4*u - 2*u**y - 2*u + 3 + u**2. Calculate f(w).
6
Let d(m) be the second derivative of -m**4/12 - 5*m**3/3 + 8*m**2 + 20*m + 9. What is d(-11)?
5
Let r(a) = -4*a + 8. Let d = 122 + -123. Let p(n) = n**2 - n - 1. Let w(c) = d*r(c) + p(c). Determine w(-7).
19
Let i(y) = y**2 - 8*y**2 - 1 + 2 + 3*y + 2*y**2 + 2*y**2. Determine i(-2).
-17
Let y(h) = h - 14. Let b be ((-24)/(-56))/(6/84). Give y(b).
-8
Let w(y) = y**3 - 9*y**2 - 1. Let r be 3/((-3 + -1)/60). Let v be r*1*12/(-15). Suppose 3*b = -b + v. What is w(b)?
-1
Let n(x) be the first derivative of x**7/840 + x**5/120 - x**4/12 + 5*x**3/3 - 16. Let o(g) be the third derivative of n(g). Give o(0).
-2
Let i be (-9)/(-1) - (-81 + 87). Let t(l) = 4*l**2 - 4*l + 1. What is t(i)?
25
Let b be -3 + 16/(0 - -4) - -3. Let x be (-2 - 0)/(2/(-3)). Let m(y) = -x*y**2 + 2 - b + 2*y**2 + 6*y + 0. What is m(4)?
6
Let w(m) be the third derivative of -m**4/24 + 8*m**3/3 + 5*m**2 - 24*m. Give w(4).
12
Let c(j) = 3*j**3 + j**2 + j + 1. Let m(y) = -2*y + 31. Let o be m(0). Suppose 18 = w + 3*l, 4*w - 2*w + l = o. Let v = -16 + w. Give c(v).
-2
Let f(l) = 3*l**3 - l**2 + 3*l + 1. Let h(m) = -16*m**3 + 4*m**2 - 15*m - 5. Let j(z) = -11*f(z) - 2*h(z). Let x be (-3)/7 + (-48)/(-14). What is j(x)?
-10
Let j = -31 - -41. Suppose -f - j = -3*f. Let i(k) = -4*k + 5 - f + k**2 + 0*k**2. What is i(3)?
-3
Let p(w) be the first derivative of 9 - 3/2*w**2 + 2/3*w**3 - 3*w. What is p(3)?
6
Let f(m) = -m**3 + 12*m**2 - 11*m - 9. Let a be -11 + 315/14 + (-2)/4. Calculate f(a).
-9
Let g(v) = v - 4. Let r(s)